 Calculate the remainder when 200 is divided by s.
64
Let k = 0 + 2. Suppose 1 = -k*u - 3, 4*t - 3*u = 34. Calculate the remainder when 0 + (-3)/((-6)/68) is divided by t.
6
Let z(q) = 131*q**2 + q. Calculate the remainder when z(3) is divided by 74.
72
Let n(d) = 8*d + 9. Let o(h) = 2*h**2 + h + 1. Suppose 9 = 4*g + 1. What is the remainder when n(4) is divided by o(g)?
8
Let u = -536 + 627. Calculate the remainder when 358 is divided by u.
85
Suppose 2*m = -x + 49 + 7, -5*x = -4*m - 336. What is the remainder when 1661 is divided by x?
61
Suppose 5*f - 3*a = 270, 190 = 3*f + 4*a + 28. Let y = f + -21. Let s = -24 + y. What is the remainder when 17 is divided by s?
8
Suppose 0 = 2*j - w, -j + 5*j - 12 = -w. Suppose j*u - 2 = 26. Let z(a) = -a**2 + 12*a + 19. Calculate the remainder when u is divided by z(13).
2
Let n = 29 - 8. Calculate the remainder when 1194 is divided by n.
18
Let x(y) = -y**3 - y - 1. Let c(h) = -8*h**3 - 4*h**2 - 6*h - 9. Let o(m) = c(m) - 6*x(m). What is the remainder when o(-3) is divided by 10?
5
Let v(n) = -n**3 + 7*n**2 - 4*n - 8. Let j = 158 - 112. Calculate the remainder when j is divided by v(4).
22
Let k = 184 + -120. Let h = -1606 + 1616. What is the remainder when (k/(-6) + 1)*-3 is divided by h?
9
Let k(v) = v**2 - 4*v - 2. Let f be k(5). Suppose -f*q - 50 = -5*q. Suppose -13*s = -9*s - 52. What is the remainder when q is divided by s?
12
Suppose -k + 927 = -463. What is the remainder when k is divided by 107?
106
Calculate the remainder when (-8)/12*(1538/(-4) - 4) is divided by 33.
28
Suppose 4*g = u - 33, -4*u + 3*g = 2*g - 72. Let x = -15 + u. Suppose -x = 5*c - 82. Calculate the remainder when c is divided by 9.
7
Suppose 4*y - y = 6. Let x be (-3*2/10)/((-24)/80). Suppose -x*j = 7*j - 36. Calculate the remainder when j is divided by y.
0
Suppose -5*p = -0*p - 70. Let f be (-10)/(-35) + 4/(-14). Let s(o) = -o**2 + o + 53. What is the remainder when s(f) is divided by p?
11
Let v be (-6 + -2)*(-1 + 5). Let f = v + 38. Calculate the remainder when 33 is divided by f.
3
Let v = 36 + -36. Suppose 3*r - 6*r + 2*d = -20, 4*r + 3*d = 4. Let h = r - v. What is the remainder when 10 is divided by h?
2
Let h = -387 + 428. Calculate the remainder when h is divided by 16.
9
Let x = 30 + -30. Calculate the remainder when 55 is divided by (x - -17 - -2) + -4.
10
Let z(i) = i**3 + 4*i**2 + i + 3. Let t be z(-4). What is the remainder when (436/(-1))/4*t is divided by 28?
25
What is the remainder when (-2)/3*(-162498)/212 is divided by 128?
127
Let m = -392 - -590. Suppose 6*o - m - 1488 = 0. Suppose 4*w - 278 = g + g, -g = -4*w + o. What is the remainder when w is divided by 18?
17
Suppose 3*m + 2*j + 2*j = 229, 5*m + 4*j - 395 = 0. Suppose 4*r - 3*z = 181, -2*r = -0*z + z - m. Calculate the remainder when r is divided by 11.
10
Let x(d) = -770*d - 65. What is the remainder when x(-1) is divided by 101?
99
Let q(d) = d - 4. Let a be q(0). Let y(z) = 62*z - 29. Let x(n) = -20*n + 9. Let l(m) = 13*x(m) + 4*y(m). Calculate the remainder when l(a) is divided by 17.
15
Suppose 4*m = -5*l + 16, 4 = m - 0*m + l. Calculate the remainder when 8 is divided by m.
0
Suppose 55 = -5*u + 5*m, 0 = 3*m + 1 - 7. Let h(x) = x**2 + 6*x - 9. What is the remainder when 53 is divided by h(u)?
17
Suppose -o - 5*g + 29 = 0, -3*o - 5*g = -4*o - 21. Calculate the remainder when 169 is divided by o.
1
Let u = -90 + 148. Suppose -5*d + 123 = -5*v - 2*d, 0 = 2*v + d + u. Let r = -15 - v. What is the remainder when r is divided by 7?
5
What is the remainder when 115 is divided by -2 + 9/((-54)/(-192))?
25
Suppose 34 = -2*x - 2*p, -56 + 19 = 2*x + 3*p. Let w = x - -11. What is the remainder when 28 is divided by 13 - 4*w/(-4)?
8
Let t(v) = v**3 - 2*v**2 - 5*v - 3. Let n = 8 - 11. Let s be t(n). Let o = s - -56. What is the remainder when o is divided by 8?
7
Let r(h) = 18*h**2 + 2*h - 3. Let f be r(-5). Suppose 0 = 2*u + 5*p - 169, f = 5*u + p - 3*p. Let a = 129 - u. What is the remainder when a is divided by 15?
12
Suppose 0 = f + 5*w - 28, 6*f - f - 4*w = -5. Calculate the remainder when 22 is divided by f.
1
Suppose -t + 2709 = -4*t + 4*v, 4*v = t + 903. Let y = t - -609. What is the remainder when 66 is divided by y/(-12) + (-6)/4?
20
Let i(r) be the second derivative of r**4/12 + r**3/3 + 5*r**2 + 7*r. What is the remainder when i(-3) is divided by 5?
3
Let v(w) = -w + 19. Let f be (-3 - -6 - 5) + 15. Let r be v(f). Suppose 0 = -u + 9 + r. What is the remainder when 42 is divided by u?
12
Let h be (-2)/14 - (-3)/21. Suppose 2*i - 11 - 33 = 2*y, 4*i + 3*y - 95 = h. What is the remainder when i is divided by 6?
5
Suppose 3*t - 107 = -5*f, 4*t = -4*f + 5*f - 3. What is the remainder when 814 is divided by f?
16
Let g = 357 + -235. Calculate the remainder when g is divided by 19.
8
Let l = -31 + 48. Suppose -l = -3*f + 4. What is the remainder when 448/32 - (-8)/(-12)*-9 is divided by f?
6
Let z(y) = -y**2 + 5*y - 4. Let k be z(4). Suppose k = -0*u - u + 2*o + 18, -o + 3 = 0. What is the remainder when u - 4/((-8)/2) is divided by 14?
11
Let c(h) = -4*h**2 + 6*h + 25. Let q(k) = 6*k**2 - 10*k - 37. Let t(u) = -8*c(u) - 5*q(u). What is the remainder when 106 is divided by t(3)?
7
Suppose -r + 1043 = 5*q, 8*q + 3*r = 3*q + 1039. Calculate the remainder when q is divided by 53.
50
Suppose 10*f = -23*f + 363. What is the remainder when 59 is divided by f?
4
Let m = 365 + -364. Suppose 0 = 2*d - 4*d + 5*s + 11, 5*d + s = 14. What is the remainder when d is divided by m?
0
Suppose 31 = 4*u + 5*x, 0 = -2*u - 0*u - 5*x + 23. Suppose -n = -u - 122. What is the remainder when n is divided by 32?
30
Let k(r) = -r**2 - 11*r - 3. What is the remainder when 6*13 - (4 + 0) is divided by k(-9)?
14
Let z(l) = 30*l**2 - 13*l + 10. Calculate the remainder when 213 is divided by z(1).
24
What is the remainder when 103 is divided by 47 - -5*6/5?
50
Let v = 10 - -42. Suppose 5*w - v = 93. Suppose 4 = -o + 20. What is the remainder when w is divided by o?
13
Let t be 8/(-72)*-78 - (-1)/3. Suppose -3*c = 9, -74 = -h - t*c + 11*c. What is the remainder when h is divided by 23?
22
Let x(k) = -10*k + 40. What is the remainder when x(2) is divided by 16?
4
Calculate the remainder when 28 is divided by (49/245)/(1/30).
4
Suppose 18 = -2*u + 3*u - 2*s, -2*u - 2*s = -18. Suppose u = 15*h - 14*h. What is the remainder when h is divided by 8?
4
Suppose 3*q = -q + 3*h + 57, 2*q - 4*h - 26 = 0. Let n be ((-7)/(-2) + -2)*12/(-18). Let b = q + n. What is the remainder when 26 is divided by b?
12
Let l(u) = -3*u - 8. Calculate the remainder when l(-6) is divided by 3/(-5)*45/(-9).
1
Suppose 6*u + 4 = 388. Suppose 0 = -z + 8 + 14. Calculate the remainder when u is divided by z.
20
Suppose 97 = 2*w + 13. Let r(k) = 2*k**2 - 7*k + 1. What is the remainder when r(11) is divided by w?
40
Let k be 312/(-20)*15/(-6). Let d = k + -20. Suppose 3*p = 4*y + 26, 0*p + 24 = 2*p + 4*y. What is the remainder when d is divided by p?
9
Calculate the remainder when 143 is divided by (-13279)/(-196) - (-2)/8.
7
Let k(n) = n**2 + 2*n - 2. Let p be k(3). Let x = p + -1. Suppose -4*z + 2*z = -x. What is the remainder when 8 is divided by z?
2
Let m(y) be the first derivative of -2*y**3/3 - y**2 + 19*y - 26. Calculate the remainder when m(0) is divided by 6.
1
Suppose 3*s - 6*s + 4*c + 217 = 0, -5*c = 4*s - 248. What is the remainder when 400 is divided by s?
65
Let p = -360 + 412. Calculate the remainder when 254 is divided by p.
46
Suppose 3*a - 6*t + 2*t = 392, 2*a = -t + 254. Calculate the remainder when a is divided by 12.
8
Let i = -68 - -91. What is the remainder when 53 is divided by i?
7
Let k be 4/3 + 4/(-12). Let x(z) = 32*z - 1. Calculate the remainder when x(k) is divided by ((-2)/(-8))/(9*(-5)/(-3060)).
14
What is the remainder when (-77 + 76)/((-2)/148) is divided by 6?
2
Let k(t) = -t. Let m(s) = -25*s + 10. Let l(i) = -20*k(i) + m(i). What is the remainder when l(-4) is divided by 17?
13
Suppose -95*n = -97*n + 168. What is the remainder when 584 is divided by n?
80
Suppose 5*r - 110 = 5*w, -2*w + 21 = 2*r - 11. Suppose -n - 4*z = -12, 2*z + 4 = n + n. Suppose n*v + r = 155. Calculate the remainder when v is divided by 12.
10
Let m = -17 - -35. What is the remainder when 95 is divided b